{"id":48,"date":"2015-09-03T22:36:20","date_gmt":"2015-09-03T22:36:20","guid":{"rendered":"http:\/\/qbit.pe\/main\/?page_id=48"},"modified":"2015-09-07T17:10:45","modified_gmt":"2015-09-07T17:10:45","slug":"desarrollo-de-aplicaciones-moviles","status":"publish","type":"page","link":"http:\/\/qbit.pe\/main\/nuestros-servicios\/desarrollo-de-aplicaciones-moviles\/","title":{"rendered":"Desarrollo de Aplicaciones M\u00f3viles"},"content":{"rendered":"<body><p><\/p>Flexibilice las operaciones de su organizaci\u00f3n! Desarrollamos grandiosas aplicaciones personalizadas para dispositivos m\u00f3viles, para plataformas Android, IOS o Windows Phone, es la soluci\u00f3n r\u00e1pida y efectiva para su organizaci\u00f3n, ahorre tiempo y agilice sus procesos.\n<p><a href=\"https:\/\/i0.wp.com\/qbit.pe\/main\/wp-content\/uploads\/2015\/09\/desarrolloMovil_600x398.jpg\"><img data-recalc-dims=\"1\" decoding=\"async\" class=\"alignnone size-full wp-image-82\" src=\"https:\/\/i0.wp.com\/qbit.pe\/main\/wp-content\/uploads\/2015\/09\/desarrolloMovil_600x398.jpg?resize=600%2C398\" alt=\"Desarrollo M\u00f3vil\" width=\"600\" height=\"398\" loading=\"lazy\" srcset=\"https:\/\/i0.wp.com\/qbit.pe\/main\/wp-content\/uploads\/2015\/09\/desarrolloMovil_600x398.jpg?w=600 600w, https:\/\/i0.wp.com\/qbit.pe\/main\/wp-content\/uploads\/2015\/09\/desarrolloMovil_600x398.jpg?resize=300%2C199 300w\" sizes=\"auto, (max-width: 600px) 100vw, 600px\" \/><\/a><\/p>\n<p>Nos enfocamos en conseguir una gran experiencia de usuario.<\/p>\n<p>\u00a0<\/p>\n<p>\u00a0<\/p>\n<\/body>","protected":false},"excerpt":{"rendered":"<p>Flexibilice las operaciones de su organizaci\u00f3n! Desarrollamos grandiosas aplicaciones personalizadas para dispositivos m\u00f3viles, para plataformas Android, IOS o Windows Phone, es la soluci\u00f3n r\u00e1pida y efectiva para su organizaci\u00f3n, ahorre tiempo y agilice sus procesos. Nos enfocamos en conseguir una gran experiencia de usuario. \u00a0 \u00a0<\/p>\n","protected":false},"author":1,"featured_media":59,"parent":27,"menu_order":0,"comment_status":"closed","ping_status":"closed","template":"","meta":{"footnotes":""},"class_list":["post-48","page","type-page","status-publish","has-post-thumbnail","czr-hentry"],"jetpack_sharing_enabled":true,"_links":{"self":[{"href":"http:\/\/qbit.pe\/main\/wp-json\/wp\/v2\/pages\/48","targetHints":{"allow":["GET"]}}],"collection":[{"href":"http:\/\/qbit.pe\/main\/wp-json\/wp\/v2\/pages"}],"about":[{"href":"http:\/\/qbit.pe\/main\/wp-json\/wp\/v2\/types\/page"}],"author":[{"embeddable":true,"href":"http:\/\/qbit.pe\/main\/wp-json\/wp\/v2\/users\/1"}],"replies":[{"embeddable":true,"href":"http:\/\/qbit.pe\/main\/wp-json\/wp\/v2\/comments?post=48"}],"version-history":[{"count":1,"href":"http:\/\/qbit.pe\/main\/wp-json\/wp\/v2\/pages\/48\/revisions"}],"predecessor-version":[{"id":83,"href":"http:\/\/qbit.pe\/main\/wp-json\/wp\/v2\/pages\/48\/revisions\/83"}],"up":[{"embeddable":true,"href":"http:\/\/qbit.pe\/main\/wp-json\/wp\/v2\/pages\/27"}],"wp:featuredmedia":[{"embeddable":true,"href":"http:\/\/qbit.pe\/main\/wp-json\/wp\/v2\/media\/59"}],"wp:attachment":[{"href":"http:\/\/qbit.pe\/main\/wp-json\/wp\/v2\/media?parent=48"}],"curies":[{"name":"wp","href":"https:\/\/api.w.org\/{rel}","templated":true}]}}