{"id":50,"date":"2015-09-03T22:37:08","date_gmt":"2015-09-03T22:37:08","guid":{"rendered":"http:\/\/qbit.pe\/main\/?page_id=50"},"modified":"2015-09-07T16:45:57","modified_gmt":"2015-09-07T16:45:57","slug":"desarrollo-de-aplicaciones","status":"publish","type":"page","link":"http:\/\/qbit.pe\/main\/nuestros-servicios\/desarrollo-de-aplicaciones\/","title":{"rendered":"Desarrollo \u00c1gil de Software"},"content":{"rendered":"<body><p><\/p>Somos expertos en desarrollo r\u00e1pido de aplicaciones personalizadas basadas en web, sistemas distribuidos e independientes dise\u00f1ados para satisfacer las necesidades espec\u00edficas de su organizaci\u00f3n.\n<p>Utilizamos la metodolog\u00eda de desarrollo \u00e1gil <strong>Scrum<\/strong>.<\/p>\n<p><a href=\"https:\/\/i0.wp.com\/qbit.pe\/main\/wp-content\/uploads\/2015\/09\/mm1_Scrum_Poster.png\"><img data-recalc-dims=\"1\" decoding=\"async\" class=\"alignnone wp-image-78\" src=\"https:\/\/i0.wp.com\/qbit.pe\/main\/wp-content\/uploads\/2015\/09\/mm1_Scrum_Poster.png?resize=388%2C273\" alt=\"Metodolog\u00eda Scrum\" width=\"388\" height=\"273\" loading=\"lazy\"><\/a><\/p>\n<p>Scrum es un proceso en el que se aplican de manera regular un conjunto de buenas pr\u00e1cticas para trabajar colaborativamente, en equipo, y obtener el mejor resultado posible de un proyecto de desarrollo.<\/p>\n<p>\u00a0<\/p>\n<\/body>","protected":false},"excerpt":{"rendered":"<p>Somos expertos en desarrollo r\u00e1pido de aplicaciones personalizadas basadas en web, sistemas distribuidos e independientes dise\u00f1ados para satisfacer las necesidades espec\u00edficas de su organizaci\u00f3n. Utilizamos la metodolog\u00eda de desarrollo \u00e1gil Scrum. Scrum es un proceso en el que se aplican de manera regular un conjunto de buenas pr\u00e1cticas para trabajar colaborativamente, en equipo, y obtener [&hellip;]<\/p>\n","protected":false},"author":1,"featured_media":58,"parent":27,"menu_order":0,"comment_status":"closed","ping_status":"closed","template":"","meta":{"footnotes":""},"class_list":["post-50","page","type-page","status-publish","has-post-thumbnail","czr-hentry"],"jetpack_sharing_enabled":true,"_links":{"self":[{"href":"http:\/\/qbit.pe\/main\/wp-json\/wp\/v2\/pages\/50","targetHints":{"allow":["GET"]}}],"collection":[{"href":"http:\/\/qbit.pe\/main\/wp-json\/wp\/v2\/pages"}],"about":[{"href":"http:\/\/qbit.pe\/main\/wp-json\/wp\/v2\/types\/page"}],"author":[{"embeddable":true,"href":"http:\/\/qbit.pe\/main\/wp-json\/wp\/v2\/users\/1"}],"replies":[{"embeddable":true,"href":"http:\/\/qbit.pe\/main\/wp-json\/wp\/v2\/comments?post=50"}],"version-history":[{"count":2,"href":"http:\/\/qbit.pe\/main\/wp-json\/wp\/v2\/pages\/50\/revisions"}],"predecessor-version":[{"id":80,"href":"http:\/\/qbit.pe\/main\/wp-json\/wp\/v2\/pages\/50\/revisions\/80"}],"up":[{"embeddable":true,"href":"http:\/\/qbit.pe\/main\/wp-json\/wp\/v2\/pages\/27"}],"wp:featuredmedia":[{"embeddable":true,"href":"http:\/\/qbit.pe\/main\/wp-json\/wp\/v2\/media\/58"}],"wp:attachment":[{"href":"http:\/\/qbit.pe\/main\/wp-json\/wp\/v2\/media?parent=50"}],"curies":[{"name":"wp","href":"https:\/\/api.w.org\/{rel}","templated":true}]}}